3
Suppose 7 = 3*t + 3*x - 17, 0 = 4*t - 5*x - 14. List the prime factors of t.
2, 3
Let c(f) = -f**2 + 8*f + 8. List the prime factors of c(7).
3, 5
Let c = -2 + 3. Let w = c - -1. What are the prime factors of -2*w*(-4 - -3)?
2
Suppose 4*j - 161 - 339 = 0. What are the prime factors of j?
5
Suppose 0 = -4*j - d + 145, -3*d + 147 = 2*j + 2*j. Suppose -3*f + j = -39. Let p = f + -15. List the prime factors of p.
2, 5
Let p = 200 + -132. What are the prime factors of 0 + 0 - p/(-4)?
17
Let z(y) = -4*y**2 + 5*y - 5. Let d(n) = 3*n**2 - 6*n + 5. Let c(b) = -3*d(b) - 2*z(b). List the prime factors of c(6).
7
Let q be 41/8 - (-9)/(-72). Let z(w) = -w + 9. What are the prime factors of z(q)?
2
Suppose a = 6*a - 35. Suppose -3*z - 24 = -a*z. List the prime factors of (z/3)/(-1)*-3.
2, 3
Let n be (-1)/4*2*0. Let p be 5*9/(45/2). Suppose n = q - 3*y + 10, 0 = 5*q - p*y - 22 + 7. What are the prime factors of q?
5
Suppose -4*g + 68 = -3*f - f, 4*g = -5*f + 68. List the prime factors of g.
17
Let f = 135 + -84. What are the prime factors of f?
3, 17
Suppose 0 = 9*q - 866 - 466. List the prime factors of q.
2, 37
Let g(o) = -o**3 - 8*o**2 - 2*o - 12. Suppose 21 = -3*r - 3. List the prime factors of g(r).
2
Let n = -65 - -176. Suppose 3*w - 2*v - 96 = 0, -4*w - 2*v + n = v. List the prime factors of w.
2, 3, 5
Suppose -2*r = 5*r - 161. List the prime factors of r.
23
Let j = -3 - -9. Let a(s) = s**3 - 6*s**2 + s - 3. List the prime factors of a(j).
3
Let c = 186 - 45. What are the prime factors of c?
3, 47
Let y(w) = w - 4. Let t be y(9). Suppose -t*k = 15, k + 108 = 5*g - 0*k. What are the prime factors of g?
3, 7
List the prime factors of 158/14 - (-4)/(-14).
11
Let j(m) = 4*m**2 - 6*m + 1. Suppose -11 = -2*u - 3. What are the prime factors of j(u)?
41
Let z be (9/(-6))/(-3)*2. Suppose 5*g + z = 4*o, -2*g = -2*o + g - 1. List the prime factors of o.
2
Let p = 2 - -11. Let i(g) = -g - 2. Let a be i(6). Let o = a + p. List the prime factors of o.
5
Let c(l) = -l**3 + l**2 + 2*l + 8. List the prime factors of c(-4).
2, 5
Suppose -22*r + 25*r = 132. List the prime factors of r.
2, 11
Let o = 34 + -18. Let f = 6 - 4. Suppose 5*p + 26 = 3*n, f*n + p + 3 = o. List the prime factors of n.
7
Let i(t) = 6*t + 81. What are the prime factors of i(7)?
3, 41
Suppose -a = -75 + 6. List the prime factors of a.
3, 23
Let f = 4 + -1. Suppose -l + 3 + f = 0. What are the prime factors of l?
2, 3
Suppose -3*g + 6 + 252 = 0. List the prime factors of g.
2, 43
Suppose 3*z + 6 = -r + 2*r, 4*r + 8 = -4*z. Suppose -y + 23 = 3*x, -4*y = -5*x - r*x + 27. What are the prime factors of x?
7
Suppose -3*o + 23 + 1 = 0. What are the prime factors of ((-42)/o - 0)*-4?
3, 7
Let b = -2 + -5. Let l = b + 12. What are the prime factors of l?
5
Let w(k) = -k - k + 3*k + 2 - 3. Let s be w(4). Suppose s*j - 9 - 6 = 0. List the prime factors of j.
5
Suppose -2*i = -3*i + 2. Let a(m) = m**3 - m**2 - 2*m + 1. Let y be a(i). Suppose 6*n + f = 3*n + y, -2*n - 2*f - 6 = 0. What are the prime factors of n?
2
Let a(t) = -t**2 + t + 43. List the prime factors of a(0).
43
Let p be (-3)/(4/1 + -3). Let n = 5 + p. Suppose 12 = 2*w + n. What are the prime factors of w?
5
Suppose k - 4*r = -3, 5 = -3*r + 17. List the prime factors of k.
13
Let l = -7 - -11. Suppose -c = c, k - l*c - 18 = 0. What are the prime factors of k?
2, 3
Suppose 2*z = -4*u + 24, -2*u - 3*z + 14 = -2. Suppose -u*v - 137 = -3*h - v, -5*v - 10 = 0. List the prime factors of h.
43
Let r = 14 - 0. Suppose 0 = 9*j - r*j + 55. List the prime factors of j.
11
Suppose 8*d - 50 - 54 = 0. What are the prime factors of d?
13
Let v be 3 - 6 - (1 - 6). Let i(o) = -3*o**2 - 4*o**3 + v*o + 5*o**3 - 2*o**3 - 5. What are the prime factors of i(-4)?
3
Suppose 0 = 3*r - 2*r. Let n(v) = -v + 14. Let z be n(r). Suppose 3*y + 3*j - z = y, 3*y - 4*j - 38 = 0. What are the prime factors of y?
2, 5
Suppose -92 = z - 3*z. Suppose -4*h = -26 - z. List the prime factors of h.
2, 3
What are the prime factors of (-16 - -13)/(2/(-158))?
3, 79
What are the prime factors of (-35)/(-3 - -3 - 2)*6?
3, 5, 7
Suppose -8*n = -14*n + 1002. List the prime factors of n.
167
Let v = 201 - 4. List the prime factors of v.
197
Let w be 1*(-1 + 3 - -3). Let x(l) = -l**3 + 7*l**2 - 5*l. Let q be x(w). Suppose -2*y + q = 3*p, -5*p = 5*y - y - 39. What are the prime factors of p?
11
Let d be (-10)/15 - 23/(-3). Let m(y) = y**3 - 8*y**2 + 11*y - 10. What are the prime factors of m(d)?
2, 3
Let a(g) = -g**3 - 6*g**2 - 4*g + 7. Suppose 0 = 4*u - 9*u - 25. Let l be a(u). Suppose s + 5*v - 22 = -3*s, 3*v - 12 = -l*s. List the prime factors of s.
3
Let g(p) = -9*p - 27. List the prime factors of g(-19).
2, 3
Let k(h) = -31*h + 14. List the prime factors of k(-2).
2, 19
Let c be (36 - -1) + -4 + 2. Let h = 13 + c. List the prime factors of h.
2, 3
Let t(o) = -3*o - 2. Let u be t(-2). Suppose u*n = -n - 30. List the prime factors of 12 - 2*(-9)/n.
3
Let l(v) = 34*v + 4. Let n be l(3). Suppose 65 = 4*h + 4*p + p, -5*h + 2*p + n = 0. List the prime factors of h.
2, 5
Let h = 1 + -1. Let m(u) = -u - 3 + 15 + h*u. What are the prime factors of m(0)?
2, 3
Let p(t) be the second derivative of t**5/20 + t**4/3 - t. Let m be p(-4). List the prime factors of 1 + 0 - (-1 + m).
2
Let z = 4 + -2. Suppose z*j + 0 - 80 = 0. What are the prime factors of j?
2, 5
Suppose -50*k + 46*k + 524 = 0. What are the prime factors of k?
131
Let q = 2 + 1. Suppose y + 5 = 20. Suppose -q*o + 0*o + y = m, o + 2*m = 5. List the prime factors of o.
5
Let t(o) = 13*o. List the prime factors of t(9).
3, 13
Let k be (-364)/(-24) + (-3)/18. Let l = 23 - k. What are the prime factors of l?
2
Let w = 8 - -20. Let x = 12 - 29. Let z = w + x. List the prime factors of z.
11
Let p(n) = -61*n - 6. What are the prime factors of p(-1)?
5, 11
List the prime factors of (-166)/(-6) - (-26)/(-39).
3
Let g(u) = 2*u**2 - 4*u - 7. Let z be g(5). Suppose n + 7 = z. What are the prime factors of n?
2
Let s be (-3)/12 + 1/4. Suppose 3*l - 8*l + 10 = s. Suppose w - 3 = l. List the prime factors of w.
5
Suppose 3*l = -l. Suppose -h + 0*h - 6 = l. Let u = h - -12. List the prime factors of u.
2, 3
Let t(q) = q**3 - q**2 - q + 1. Suppose 0 = -5*z + 10 - 0. Let g be t(z). Suppose g*v = 4 + 11. List the prime factors of v.
5
Let c(z) = 5*z**2 + 8*z + 8. Let t(s) = 4*s**2 + 8*s + 7. Suppose 3*b = 7*b - 24. Let w(p) = b*t(p) - 5*c(p). List the prime factors of w(8).
2
Let d(g) = g**3 + 6*g**2 + 5*g + 4. Let p be d(-5). Suppose -4*w + 80 = -p. Let z = w - 13. List the prime factors of z.
2
Let y(v) = -21*v + 43. List the prime factors of y(-4).
127
Let n be (-2)/4 + 11/2. Suppose y = -n - 115. List the prime factors of ((-2)/(-4))/((-5)/y).
2, 3
Suppose 4*t + 54 = 166. Suppose -4*j + t + 16 = 0. Let s = j + -8. What are the prime factors of s?
3
Let k(h) = -h + 3. Let z be k(-7). Suppose -2*v = z, -2*r + 2 = v + 1. What are the prime factors of r?
3
Let f(c) = -20*c - 3. Let m be f(-3). Suppose 2*b + 0*a = -3*a + m, 0 = b + 4*a - 26. Suppose -3*t + b = -t. List the prime factors of t.
3, 5
Suppose -4*x = -3*a - 355, 0*x + 5*a - 347 = -4*x. List the prime factors of x.
2, 11
Suppose -4*z + 92 + 68 = 0. Let d = -22 + z. List the prime factors of d.
2, 3
What are the prime factors of (16/(-4))/(-2)*375/6?
5
Let g be (1 - -2) + (-4)/2. Let p(k) = 5*k**3 - 1. List the prime factors of p(g).
2
Let r be (-4)/18 - 11/(-9). Let l be (r - 0)*(-5 - -3). Let h = 9 - l. What are the prime factors of h?
11
Let r(x) = -18*x - 4. What are the prime factors of r(-2)?
2
Let d = 16 + -14. Suppose h + d*h - 90 = 0. List the prime factors of h.
2, 3, 5
Let a = 52 + -26. Suppose -79 - a = -5*x. What are the prime factors of 4/14 - (-36)/x?
2
What are the prime factors of 6/2*28/12?
7
Suppose -11 - 5 = 3*l - 5*c, 0 = -5*l + 4*c - 5. Let q be -1 + l/(9/(-6)). List the prime factors of q/(0 - (-6)/(-4)).
2
Suppose -2*n - 24 = -6*n. List the prime factors of n.
2, 3
Suppose 272 = 3*w + b, -460 = 3*w - 8*w + 5*b. What are the prime factors of w?
7, 13
Suppose 271 = 4*p - 5*w, -3*w - 112 - 21 = -2*p. List the prime factors of p.
2, 37
Let q(t) = 8*t - 3. Let s be 2/(-4) - 10/(-4). List the prime factors of q(s).
13
Let b = 130 + -50. What are the prime factors of b?
2, 5
List